) = b - 1. Give w(7).
6
Let l(z) = -3*z**3 + 6*z**2 - z - 6. Calculate l(2).
-8
Let p(z) = z**3 + z**2 - 2*z + 7. Determine p(-3).
-5
Let d(v) = v**2 + 26*v - 30. Give d(-27).
-3
Let c(k) = 6*k - 260. Calculate c(40).
-20
Let h(v) = 2*v**2 - 9*v + 11. Calculate h(8).
67
Let r(v) = -2*v**3 - 7*v**2 + 21*v + 9. Determine r(-6).
63
Let s(h) = h**2 + 12*h - 4. Determine s(-12).
-4
Let k(v) = 4*v**2 - 4*v - 8. Calculate k(-5).
112
Let x(k) = 5*k**2 - 52*k - 2. Calculate x(10).
-22
Let y(k) = -k**2 - 3*k + 90. Determine y(-11).
2
Let r(d) = d**3 + 16*d**2 + 5. Determine r(-16).
5
Let f(n) = 6*n. Give f(0).
0
Let c(t) = -6*t**2 + 3*t + 2. Determine c(3).
-43
Let d(b) = 3*b**2 + 15*b + 7. Calculate d(-7).
49
Let t(j) = -4*j**3 + 6*j + 13. Calculate t(3).
-77
Let k(r) = -3*r + 1. Give k(-4).
13
Let l(c) = -c + 2. What is l(2)?
0
Let r(c) = -c**3 - 10*c**2 - 7. Give r(-10).
-7
Let k(c) = 11*c**2 + 38*c + 3. What is k(-4)?
27
Let a(m) = 2*m**2 - 10*m - 6. Give a(6).
6
Let l(f) = -11*f + 20. Calculate l(8).
-68
Let z(j) = j**2 - 4*j - 115. Determine z(13).
2
Let b(l) = l**2 + 5*l + 9. Calculate b(-5).
9
Let t(i) = -i**3 + 13*i**2 + 3*i - 37. Give t(13).
2
Let g(o) = -91*o**2 - 1. What is g(-1)?
-92
Let b(u) = 2*u**2 + 18*u + 19. What is b(-8)?
3
Let a(y) = y**3 + 10*y**2 + 3*y + 11. What is a(-10)?
-19
Let g(r) = r**3 - r**2 + r + 28. Determine g(0).
28
Let a(m) = -m**3 + 2*m**2 + 2*m + 1. What is a(2)?
5
Let p(u) = -u**2 + 31*u - 225. Give p(12).
3
Let h(i) = -67*i - 802. Give h(-12).
2
Let h(d) = -4*d + 16. Calculate h(6).
-8
Let g(t) = 2*t**2 + 34*t - 69. Determine g(-19).
7
Let x(c) = 2*c. Give x(-3).
-6
Let f(c) = -4*c + 44. Give f(5).
24
Let i(d) = 2*d + 28. What is i(4)?
36
Let r(k) = -2*k**2 + 9*k + 4. Calculate r(4).
8
Let h(n) = 5*n**3 - 37*n**2 + 14*n + 2. Calculate h(7).
2
Let o(r) = 9*r + 53. Calculate o(-7).
-10
Let s(w) = -w**3 + 6*w**2 + 7*w - 2. What is s(7)?
-2
Let c(k) = -2*k**3 + 82*k**2 - 4*k + 169. Determine c(41).
5
Let m(z) = 11*z**3 + 3*z**2 + z - 1. Calculate m(1).
14
Let w(x) = 11*x + 18. Calculate w(0).
18
Let y(x) = -x + 18. Calculate y(5).
13
Let s(g) = 3*g - 4. Calculate s(11).
29
Let c(z) = 3*z**2 - 16*z + 10. Calculate c(6).
22
Let g(d) = d**3 - d**2 + 3*d - 21. What is g(3)?
6
Let m(t) = 46*t + 346. What is m(-7)?
24
Let x(z) = 13*z**3 - z**2 - 3*z - 2. What is x(-1)?
-13
Let y(v) = -v**2 - v - 10. Determine y(-7).
-52
Let z(y) = -y**3 - 3*y**2 + y + 1. Calculate z(-2).
-5
Let z(x) = 10*x**3 + x**2 - 1. Give z(-1).
-10
Let l(u) = -u**2 + 55*u + 369. What is l(-6)?
3
Let a(b) = -b**3 - b**2 + 45*b - 20. Calculate a(6).
-2
Let x(h) = -2*h**2 - 5*h + 1. Determine x(-5).
-24
Let s(g) = -g**3 - 48*g**2 + 99*g - 54. What is s(-50)?
-4
Let u(l) = -48*l. Give u(-1).
48
Let z(o) = o - 1. Give z(9).
8
Let s(r) = -r**2 - 3*r + 8. Calculate s(-8).
-32
Let a(j) = 24*j + 319. What is a(-13)?
7
Let d(k) = k**2 + 6*k. What is d(-5)?
-5
Let n(j) = j + 1. Calculate n(7).
8
Let n(r) = 36*r - 2. What is n(3)?
106
Let c(j) = 2*j**2 + 25*j + 62. Determine c(-10).
12
Let g(b) = -25*b + 35. Give g(7).
-140
Let u(n) = -n**2 - 7*n + 7. Give u(-9).
-11
Let t(w) = w**2 - 10*w. Calculate t(9).
-9
Let m(c) = -3*c + 23. Calculate m(8).
-1
Let v(z) = -z + 1. Calculate v(3).
-2
Let r(k) = 25*k + 199. What is r(-8)?
-1
Let p(z) = z - 8. What is p(7)?
-1
Let s(j) = j**3 + 10*j**2 + 19*j - 13. Calculate s(-6).
17
Let h(y) = 2*y**2 + 56*y + 50. Give h(-27).
-4
Let u(n) = n - 1. What is u(11)?
10
Let o(u) = u**3 - 4*u**2 + 7*u - 13. Calculate o(4).
15
Let w(o) = -2*o + 16. Give w(9).
-2
Let m(u) = u - 3. Determine m(-6).
-9
Let s(r) = r**2 + 6*r + 11. Give s(-3).
2
Let g(r) = r + 15. What is g(-5)?
10
Let f(v) = 22*v + 292. Determine f(-13).
6
Let x(d) = -d**3 + 5*d**2 + 14*d + 7. Calculate x(7).
7
Let n(y) = -2*y + 5. Determine n(-6).
17
Let d(s) = -s**3 + 7*s**2 - 2*s - 4. Calculate d(7).
-18
Let x(y) = y**2 - 18*y + 71. Give x(5).
6
Let l(s) = 4*s + 268. Give l(-68).
-4
Let a(l) = -5*l**2 - 12*l - 10. What is a(-3)?
-19
Let n(p) = -p**2 - 15*p - 34. What is n(-13)?
-8
Let t(c) = -c**3 - 10*c**2 - 20*c - 2. Give t(-7).
-9
Let t(o) = o**2 + 21*o - 24. Calculate t(-19).
-62
Let y(w) = -w + 47. Calculate y(8).
39
Let i(n) = 12*n - 23. Give i(-9).
-131
Let d(c) = c**2 + 10*c - 10. Give d(-6).
-34
Let r(f) = f**3 - 5*f**2 + 5*f - 6. Determine r(5).
19
Let t(h) = h**3 - 5*h**2 + 5*h - 8. What is t(5)?
17
Let d(i) = -2*i**3 - 14*i**2 - 2*i - 10. Give d(-7).
4
Let a(l) = 18*l - 64. Give a(4).
8
Let p(t) = -13*t - 7. Give p(-2).
19
Let s(l) = -l**3 + 16*l**2 + 38*l - 33. Give s(18).
3
Let r(x) = -54*x - 272. Give r(-5).
-2
Let b(u) = -u + 10. Determine b(9).
1
Let w(t) = -49*t**3 + 2*t**2 - 5*t + 3. Calculate w(1).
-49
Let p(z) = z**3 - 6*z**2 + 2*z - 14. Give p(6).
-2
Let q(c) = 6*c + 36. Calculate q(-7).
-6
Let t(a) = a**3 + 11*a**2 - 12*a + 11. Give t(-12).
11
Let s(u) = 52*u**2 - 5*u + 4. Determine s(2).
202
Let b(d) = d**3 - 8*d**2 - 15*d + 7. Give b(10).
57
Let x(s) = s**3 - s**2 - s + 21. Determine x(0).
21
Let r(d) = -d**2 + 5*d. Determine r(7).
-14
Let c(r) = -r**2 - 23*r + 19. Determine c(-23).
19
Let o(s) = s**3 - 24*s**2 + 41*s + 60. What is o(22)?
-6
Let i(w) = 29*w**3 + w. Calculate i(-1).
-30
Let a(q) = -6*q + 17. Determine a(13).
-61
Let x(v) = 4*v**3 - 3*v + 4. Give x(2).
30
Let m(v) = 2*v - 28. Determine m(-11).
-50
Let k(z) = 2*z**2 - 68*z + 1. Give k(34).
1
Let h(o) = -o**3 + 2*o**2 - o + 14. Give h(0).
14
Let o(g) = -5*g. What is o(-7)?
35
Let f(d) = -3*d**3 + d**2 - 5*d + 5. What is f(1)?
-2
Let u(b) = -2*b**2 + 15*b - 33. What is u(6)?
-15
Let i(o) = -o**3 + 13*o**2 - 18*o + 10. Give i(12).
-62
Let l(x) = -16*x - 4. What is l(2)?
-36
Let h(r) = 3*r**2 + 9*r + 10. Determine h(-5).
40
Let s(y) = y**3 - 2*y**2 - 4*y + 2. Calculate s(-4).
-78
Let d(f) = -f**3 + 13*f**2 + 31*f - 16. Calculate d(15).
-1
Let c(r) = -2*r + 1. Determine c(10).
-19
Let f(o) = 4*o. What is f(-1)?
-4
Let l(d) = d**2 + 6*d + 1. Give l(-7).
8
Let z(p) = p**2 + 9*p + 30. Give z(-6).
12
Let i(j) = -j**3 + 28*j**2 - 24*j - 71. What is i(27)?
10
Let s(u) = -2*u**2 - 5*u + 9. Determine s(-5).
-16
Let s(v) = v**2 - 11*v + 15. Give s(9).
-3
Let p(w) = w**2 + 14*w + 9. Give p(-10).
-31
Let y(r) = -3*r**2 + 4*r - 6. What is y(2)?
-10
Let n(p) = 65*p**2 - p - 1. What is n(-1)?
65
Let v(m) = m**2 - 39. Calculate v(13).
130
Let k(u) = -13*u**2 - 126*u + 34. What is k(-10)?
-6
Let g(t) = 2*t**2 + 7*t + 5. Determine g(-5).
20
Let c(p) = -40*p + 797. Calculate c(20).
-3
Let y(o) = o + 19. What is y(-12)?
7
Let v(r) = -r**3 - 21*r**2 - 26*r - 47. Calculate v(-20).
73
Let n(a) = 2*a**2 - 5*a - 2. What is n(1)?
-5
Let t(w) = w**2 + 2*w - 5. Determine t(-6).
19
Let f(j) = 3*j - 6. Give f(1).
-3
Let u(c) = -2*c**2 + 24*c - 3. What is u(11)?
19
Let h(k) = -19*k**3 + k**2 + 2*k + 2. Calculate h(-1).
20
Let n(q) = 2*q**2 + 12*q + 6. Determine n(-6).
6
Let m(j) = -8*j**2 + j - 1. Calculate m(1).
-8
Let a(c) = 2*c**2 + 9*c - 4. Determine a(-5).
1
Let l(i) = -139*i + 16. What is l(0)?
16
Let c(l) = l + 7. Calculate c(6).
13
Let x(d) = -2*d**3 + 17*d**2 + 24*d + 48. Give x(10).
-12
Let g(r) = -r**2 + 17*r + 74. Determine g(0).
74
Let f(n) = 18*n**2 + 8*n + 11. Give f(-2).
67
Let u(q) = 36*q - 866. What is u(24)?
-2
Let j(w) = 28*w + 226. Calculate j(-8).
2
Let s(p) = -6*p. Give s(1).
-6
Let p(c) = -5*c**3 - c. What is p(-1)?
6
Let m(o) = 5*o**2 + 7*o + 9. Give m(-1).
7
Let n(f) = -f**2 - f - 6. Determine n(-2).
-8
Let n(y) = -y**2 + 7*y - 8. Calculate n(5).
2
Let i(y) = -y**2 + y - 5. Give i(2).
-7
Let j(t) = -20*t**3 + t**2 - t. Give j(1).
-20
Let r(n) = -32*n - 37. Determine r(-8).
219
Let o(f) = -3*f**3 + 31*f**2 - 12*f + 29. Give o(10).
9
Let g(r) = -r + 2. What is g(6)?
-4
Let y(w) = w**2 + w + 5. Determine y(-5).
25
Let w(c) = -c**3 + 7*c**2 - 2*c + 6. Calculate w(5).
46
Let q(t) = t**3 - 18*t**2 + 19*t - 21. Calculate q(17).
13
Let c(s) = -s**3 - 4*s**2 - 2*s - 2. Give c(-4).
6
Let o(p) = p - 45. Give o(19).
-26
Let k(h) = 4*h + 7. Calculate k(-3).
-5
Let t(k) = -k**2 - 21*k + 14. Calculate t(-23).
-32
Let z(s) = 24*s + 45. What is z(-4)?
-51
Let v(d) = -d**3 - 48*d**2 - 216*d - 37. Calculate v(-43).
6
Let p(f) = 4*f + 18. Give p(-3).
6
Let z(s) = s**2 - 14*s - 13. Calculate z(12).
-37
Le